 14) to base 6.
-445425
16727165 (base 8) to base 15
523d75
What is 11d54 (base 15) in base 13?
1cc3c
Convert 100011011001111110 (base 2) to base 4.
203121332
Convert -12511043 (base 6) to base 8.
-1447743
What is -15a72 (base 13) in base 12?
-1bb01
Convert 3437701 (base 8) to base 16.
e3fc1
What is -315232 (base 6) in base 11?
-18421
153204420 (base 6) to base 14
603352
What is -202052 (base 9) in base 12?
-5926b
What is 42224200 (base 5) in base 3?
122212120122
Convert -104030500 (base 7) to base 5.
-3044232340
What is -409577 (base 11) in base 10?
-656872
100120012112122 (base 3) to base 6
300532542
What is -10220210210 (base 3) in base 7?
-440610
111132222 (base 4) to base 7
514332
28362 (base 16) to base 15
33c06
Convert -1023113012 (base 4) to base 13.
-aa666
3c0fba (base 16) to base 3
21101222102200
54465640 (base 7) to base 16
4749ee
-1101001011100011010 (base 2) to base 9
-727406
-48912 (base 12) to base 4
-113330132
What is -14566405 (base 7) in base 14?
-284475
What is 141124 (base 6) in base 2?
11001110101100
32420021 (base 5) to base 7
2242352
Convert 146702 (base 9) to base 13.
320c3
What is -772816 (base 9) in base 6?
-13520023
-1111101100 (base 2) to base 3
-1101012
622421 (base 8) to base 6
4230053
11644453 (base 7) to base 15
15c114
1619506 (base 11) to base 9
5174001
Convert 291c3 (base 16) to base 2.
101001000111000011
323053 (base 9) to base 3
100210001210
-5533020 (base 6) to base 10
-276708
What is 10211022002022 (base 3) in base 13?
562604
What is -625440 (base 8) in base 6?
-4241200
Convert 10033473 (base 9) to base 11.
2792270
Convert -127d9 (base 14) to base 6.
-550255
c01c00 (base 14) to base 12
21b5a08
9298 (base 13) to base 2
100111100001100
Convert 1504a0 (base 14) to base 2.
10110010011011001100
97914 (base 11) to base 9
236038
Convert -130122 (base 11) to base 9.
-342330
-255464 (base 10) to base 14
-69156
Convert -223303202 (base 4) to base 7.
-1345052
Convert 6387800 (base 10) to base 11.
3673281
What is 1b45 (base 15) in base 6?
43215
-2236566 (base 11) to base 12
-138b302
Convert -66745 (base 13) to base 6.
-3552044
What is 268e2 (base 15) in base 14?
33024
11011101100111010111 (base 2) to base 3
1201010011211
Convert 21428 (base 13) to base 14.
17c3b
Convert -111233004 (base 6) to base 7.
-23136403
What is 1310132310 (base 4) in base 6?
14120500
3201313323 (base 4) to base 15
1341d9
Convert 37d642 (base 14) to base 3.
10121111202211
What is 28980 (base 12) in base 15?
11be3
320223152 (base 6) to base 4
111123132230
What is -a4582 (base 11) in base 7?
-1203254
143034101 (base 6) to base 10
2944117
142363 (base 9) to base 11
5a448
-2003201320 (base 5) to base 6
-220511225
5a065 (base 16) to base 15
743cb
Convert -644102 (base 8) to base 15.
-43b06
94a3b (base 14) to base 7
3022604
Convert 100110001010001110110 (base 2) to base 12.
50375a
-26b351 (base 13) to base 5
-220014232
What is -8236227 (base 9) in base 7?
-52230055
What is -6535450 (base 9) in base 11?
-1a86337
What is 1301130113 (base 4) in base 14?
c14a3
Convert -5976c (base 13) to base 9.
-268676
What is -5416164 (base 7) in base 3?
-1020112101110
15451252 (base 8) to base 6
204145550
What is 30867 (base 14) in base 9?
187326
What is 1743a6 (base 12) in base 7?
3261264
Convert -21202101010 (base 3) to base 15.
-30359
What is -168503 (base 14) in base 15?
-1096a5
1572086 (base 11) to base 7
31540262
Convert 65437 (base 15) to base 5.
40242302
What is 2036424 (base 7) in base 16?
3bc25
1222121022 (base 3) to base 9
58538
Convert 30cc5 (base 14) to base 9.
188488
Convert -22000313 (base 4) to base 5.
-2303030
67168 (base 11) to base 3
11221112212
What is -21043620 (base 8) in base 6?
-235524304
What is -2250254 (base 6) in base 14?
-30106
-2b327 (base 14) to base 4
-122101313
What is -1413000 (base 6) in base 2?
-10011011101011000
What is 3e75e (base 15) in base 5?
22411124
Convert -3842730 (base 9) to base 10.
-2095011
-5056755 (base 8) to base 14
-26a605
Convert 265052 (base 12) to base 5.
130141112
Convert 102021122220 (base 3) to base 11.
141959
1103201 (base 10) to base 9
2061268
Convert -124638 (base 9) to base 15.
-17608
What is 8b30c (base 13) in base 4?
331303312
-7215837 (base 9) to base 12
-1357581
-1185088 (base 12) to base 4
-31000120220
What is 10110110321 (base 4) in base 12?
466bb5
What is 4037517 (base 8) in base 7?
12023216
94b40 (base 16) to base 10
609088
Convert 23004000 (base 5) to base 11.
129a94
What is -111111010111001010010011 (base 2) in base 5?
-13223004224
Convert 1221221200202 (base 3) to base 6.
34201115
-69202 (base 12) to base 11
-96418
Convert 2152253 (base 6) to base 16.
1a649
-9d3ec (base 16) to base 6
-21445500
Convert -176447 (base 9) to base 14.
-2bdad
What is 52204 (base 11) in base 9?
125360
7b8119 (base 13) to base 8
13134455
Convert -145747 (base 15) to base 11.
-60a646
3508324 (base 9) to base 6
104344121
Convert 15022113 (base 6) to base 10.
516285
-11100103213 (base 4) to base 3
-2120222120221
-367278 (base 10) to base 12
-158666
Convert -228c98 (base 13) to base 11.
-50a723
Convert 32233321120 (base 4) to base 10.
3866200
What is -389102 (base 16) in base 11?
-2102256
What is -113103330303 (base 4) in base 13?
-135c6c0
-21342343 (base 6) to base 7
-5255040
What is 8eab (base 16) in base 15?
ac4d
3103032200 (base 4) to base 10
865184
What is 41435262 (base 7) in base 8?
15234555
What is 3914567 (base 12) in base 14?
16c30d1
Convert -3043121 (base 6) to base 11.
-9a640
What is 44163 (base 7) in base 2?
10101100111110
What is 42030121 (base 5) in base 2?
1010100011000111101
Convert -330221104 (base 5) to base 4.
-11121030100
Convert -30652433 (base 8) to base 7.
-106222105
What is 11525240 (base 7) in base 8?
3737276
-111111010111110110111111 (base 2) to base 15
-16d249e
-4345337 (base 9) to base 3
-11101112101021
What is 33087164 (base 9) in base 8?
75023700
Convert 60176 (base 9) to base 2.
1001101001011100
350982 (base 14) to base 9
3354285
What is 8613e1 (base 16) in base 11?
4a61813
What is 203320001 (base 4) in base 14?
3b7a1
-436110 (base 7) to base 14
-1dc77
Convert -241101 (base 6) to base 3.
-1001210101
-128350 (base 16) to base 7
-13212133
Convert -22031345 (base 6) to base 7.
-5405456
What is -100441 (base 6) in base 8?
-17411
-10608357 (base 9) to base 12
-18805ba
Convert 11301403 (base 5) to base 12.
4b989
-10012021110112 (base 3) to base 6
-100221535
What is 108ab (base 15) in base 7?
306212
What is -122100110122011 (base 3) in base 6?
-525345051
-2565877 (base 10) to base 12
-a38a71
Convert 77909 (base 12) to base 11.
a913a
-3a282 (base 12) to base 6
-1413442
What is -305450 (base 8) in base 7?
-600633
-7235 (base 13) to base 8
-36621
221233441 (base 5) to base 3
1210212021020
What is 1110434 (base 6) in base 15?
11864
What is 53403 (base 9) in base 12?
18533
93671 (base 15) to base 3
212201212221
-d7a903 (base 16) to base 5
-12104233012
Convert -1011000000001111001001 (base 2) to base 8.
-13001711
What is 514346 (base 8) in base 12?
82606
What is eb92 (base 15) in base 8?
141306
Convert -152453240 (base 6) to base 9.
-6033516
What is 1184348 (base 13) in base 5?
2342422240
23114c (base 14) to base 2
100100011011110110000
What is 112102011102 (base 3) in base 14?
75564
What is 11010000110100011 (base 2) in base 11?
73366
-236b (base 13) to base 5
-124430
What is -21230341 (base 5) in base 8?
-537600
Convert -159c96 (base 13) to base 3.
-1000020021200
-222002120020 (base 3) to base 13
-14ca2a
What is -1019533 (base 11) in base 12?
-728b9a
Convert 120320123001 (base 4) to base 14.
c1b053
What is 21025505 (base 6) in base 3?
1011000021212
17077150 (base 8) to base 6
220550132
What is -c2a3d (base 15) in base 10?
-616558
What is 2857a6 (base 13) in base 9?
1757842
1111010000001000011 (base 2) to base 11
311545
-130101222332 (base 4) to base 9
-14846825
What is 214233312 (base 6) in base 11?
2197610
What is 48507 (base 10) in base 2?
1011110101111011
Convert -20522134 (base 7) to base 2.
-110100111111111101011
What is 154775 (base 12) in base 3?
200022112122
What is -280357 (base 10) in base 4?
-1010130211
What is bd60a4 (base 15) in base 5?
4303003104
236022 (base 8) to base 12
3a9aa
What is -691180 (base 10) in base 8?
-2505754
Convert -21266245 (base 7) to base 6.
-102522304
Convert 402996